{"id":2,"date":"2014-01-22T09:17:06","date_gmt":"2014-01-22T09:17:06","guid":{"rendered":"http:\/\/statistition.com\/?page_id=2"},"modified":"2024-09-25T12:14:44","modified_gmt":"2024-09-25T09:14:44","slug":"esimerkkisivu","status":"publish","type":"page","link":"https:\/\/statistition.com\/?page_id=2","title":{"rendered":"Info"},"content":{"rendered":"<p><em>Tieto on maailmassamme verhoiltu satunnaisvaihtelu<\/em><em>n<\/em><em> taa<\/em><em>kse. T\u00e4ss\u00e4 blogissa sattuma laitetaan ruotuun.<\/em><\/p>\n<p><a href=\"https:\/\/statistition.com\/wp-content\/uploads\/2021\/02\/omakuva_02_2021_2.png\"><img loading=\"lazy\" decoding=\"async\" class=\"alignright size-thumbnail wp-image-1278\" src=\"https:\/\/statistition.com\/wp-content\/uploads\/2021\/02\/omakuva_02_2021_2-150x150.png\" alt=\"\" width=\"150\" height=\"150\" \/><\/a>Olen kiinnostunut totuuksista ja syy-seuraussuhteista, jotka ymp\u00e4rist\u00f6ss\u00e4mme ovat verhoiltu satunnaisvaihtelun taakse vaikeasti havaittaviksi. T\u00e4h\u00e4n tarvitaan todenn\u00e4k\u00f6isyyslaskentaa ja siihen ty\u00f6kaluja tarjoaa hankkimani tilasto+taloustieteen maisterin koulutukset sek\u00e4 alan tutkimus-, konsultointi- ja opetusty\u00f6t. N\u00e4k\u00f6kulmia tarjoaa my\u00f6s harrastukset, joissa olen kokeillut todenn\u00e4k\u00f6isyyslaskelmieni osuvuutta: sijoittaminen, urheiluvedonly\u00f6nti ja pokeri.<\/p>\n<h2>Ty\u00f6t t\u00e4ll\u00e4 hetkell\u00e4<\/h2>\n<ul>\n<li><strong><a title=\"Analyysitoimisto Statisti\" href=\"http:\/\/www.statisti.fi\" target=\"_blank\" rel=\"noopener noreferrer\">Analyysitoimisto Statisti<\/a><\/strong> (Perustaja)<\/li>\n<li><a href=\"http:\/\/www.jyu.fi\/demo\" target=\"_blank\" rel=\"noopener\">Jyv\u00e4skyl\u00e4n Yliopisto<\/a> (Tohtoriopiskelija, kiitos tuesta <a href=\"https:\/\/skr.fi\/\" target=\"_blank\" rel=\"noopener\">SKR<\/a> ja <a href=\"https:\/\/www.lsr.fi\/\" target=\"_blank\" rel=\"noopener\">LSR<\/a>)<\/li>\n<\/ul>\n<h2>Lis\u00e4tuloja tuoneet harrastukset<\/h2>\n<p><strong>Urheiluvedonly\u00f6nti<\/strong><\/p>\n<ul>\n<li>Opintojen rahoitusta tilastomatemaattisilla systeemeill\u00e4 jo vuodesta 2003<\/li>\n<li>Nyky\u00e4\u00e4n l\u00e4hinn\u00e4 itse\u00e4ni viisaampien lajitiet\u00e4jien n\u00e4kemysten seurailua<\/li>\n<\/ul>\n<p><strong>Pokeri<\/strong><\/p>\n<ul>\n<li>Sit and go -turnaukset p\u00e4\u00e4lajina<\/li>\n<li>Voitollista peli\u00e4 vuodet 2008-2015 (paitsi vuosi 2013 j\u00e4i tappiolle)<\/li>\n<li>El\u00e4k\u00f6ityminen kev\u00e4\u00e4ll\u00e4\u00a02016<\/li>\n<\/ul>\n<p><strong>Sijoittaminen<\/strong><\/p>\n<ul>\n<li>Pelivoitot poikimaan osake- ja asuntosijoituksiin<\/li>\n<li>Innostus oppia analysoimaan yrityksi\u00e4<\/li>\n<li>Sijoitusportfolion optimointi yksi tutkimusaiheista<\/li>\n<li><a title=\"ASLA asuntolaskuri\" href=\"http:\/\/asla.fi\" target=\"_blank\" rel=\"noopener noreferrer\">ASLA-asuntolaskurin<\/a> kehitt\u00e4j\u00e4<\/li>\n<li>Pienen mets\u00e4palstan hoitaja<\/li>\n<\/ul>\n<h2>Tieteelliset julkaisut<\/h2>\n<p><a href=\"https:\/\/www.researchgate.net\/profile\/Risto_Heikkinen2\" target=\"_blank\" rel=\"noopener\">Linkki ResearchGate:en<\/a><\/p>\n\n\n\n\n<p><\/p>\n","protected":false},"excerpt":{"rendered":"<p>Tieto on maailmassamme verhoiltu satunnaisvaihtelun taakse. T\u00e4ss\u00e4 blogissa sattuma laitetaan ruotuun. Olen kiinnostunut totuuksista ja syy-seuraussuhteista, jotka ymp\u00e4rist\u00f6ss\u00e4mme ovat verhoiltu satunnaisvaihtelun taakse vaikeasti havaittaviksi. T\u00e4h\u00e4n tarvitaan todenn\u00e4k\u00f6isyyslaskentaa ja siihen ty\u00f6kaluja tarjoaa hankkimani tilasto+taloustieteen maisterin koulutukset sek\u00e4 alan tutkimus-, konsultointi- ja opetusty\u00f6t. N\u00e4k\u00f6kulmia tarjoaa my\u00f6s harrastukset, joissa olen kokeillut todenn\u00e4k\u00f6isyyslaskelmieni osuvuutta: sijoittaminen, urheiluvedonly\u00f6nti ja pokeri. Ty\u00f6t [&hellip;]<\/p>\n","protected":false},"author":1,"featured_media":0,"parent":0,"menu_order":0,"comment_status":"closed","ping_status":"closed","template":"","meta":{"_monsterinsights_skip_tracking":false,"_monsterinsights_sitenote_active":false,"_monsterinsights_sitenote_note":"","_monsterinsights_sitenote_category":0,"footnotes":""},"class_list":["post-2","page","type-page","status-publish","hentry"],"_links":{"self":[{"href":"https:\/\/statistition.com\/index.php?rest_route=\/wp\/v2\/pages\/2"}],"collection":[{"href":"https:\/\/statistition.com\/index.php?rest_route=\/wp\/v2\/pages"}],"about":[{"href":"https:\/\/statistition.com\/index.php?rest_route=\/wp\/v2\/types\/page"}],"author":[{"embeddable":true,"href":"https:\/\/statistition.com\/index.php?rest_route=\/wp\/v2\/users\/1"}],"replies":[{"embeddable":true,"href":"https:\/\/statistition.com\/index.php?rest_route=%2Fwp%2Fv2%2Fcomments&post=2"}],"version-history":[{"count":54,"href":"https:\/\/statistition.com\/index.php?rest_route=\/wp\/v2\/pages\/2\/revisions"}],"predecessor-version":[{"id":1339,"href":"https:\/\/statistition.com\/index.php?rest_route=\/wp\/v2\/pages\/2\/revisions\/1339"}],"wp:attachment":[{"href":"https:\/\/statistition.com\/index.php?rest_route=%2Fwp%2Fv2%2Fmedia&parent=2"}],"curies":[{"name":"wp","href":"https:\/\/api.w.org\/{rel}","templated":true}]}}